 be 12/8*(-4)/3. What is the units digit of x(q)?
8
Suppose v + 3*n - 90 = 0, v = -n + 86 - 2. What is the units digit of v?
1
Suppose -502 = -2*a - 5*m, -4*a + 3*a - 3*m + 250 = 0. What is the hundreds digit of a?
2
Suppose -5*x - w = -25, 5*w - 33 = -4*x + 8. Suppose 2*y - x = -2. What is the units digit of y?
1
Suppose 0*k - 4*k = 2*x + 8, 2*k + 2*x = -8. Suppose k = 2*w + 3*w - 20. What is the units digit of w?
4
Let g = -493 + 755. What is the units digit of g?
2
Let b be 1/(1/(-8)*1). Let j = 2 - b. What is the units digit of j?
0
Let b = 18 + -13. Suppose x - b*x + 12 = 0. What is the units digit of x?
3
Suppose -3*q + 3 = b - 26, 112 = 3*b + 4*q. What is the tens digit of b?
4
Suppose 0 = -2*j, 4 + 6 = 5*l + 2*j. Suppose 4*v = -l*b + 2*v + 18, 4*b - 54 = 2*v. Let x = 26 - b. What is the units digit of x?
4
Let w(h) = 15*h - 3. Let k be w(5). Suppose 15 = 2*r - 5*u, 4*r - k = -2*u - 2*u. Suppose -4*q = -r - 33. What is the units digit of q?
2
Let p(l) = -14*l - 4. Let k(y) be the first derivative of -5*y**2/2 - y - 2. Let z(j) = -8*k(j) + 3*p(j). What is the units digit of z(-3)?
2
Let k(o) = o**3 - 7*o**2 + 2*o + 2. Suppose -5*r - t + 37 = -2*t, 4*r - 26 = -t. What is the units digit of k(r)?
6
Let f = 211 + -71. What is the tens digit of f?
4
Let q be ((-1)/2*0)/2. Suppose 0 = 5*v - q*v + w - 116, 0 = -4*v - 3*w + 84. What is the tens digit of v?
2
Let f(w) be the first derivative of 3 - 4*w**2 - 1/3*w**3 - 3*w. What is the units digit of f(-3)?
2
Suppose -17 = -3*v + 1. What is the units digit of v?
6
Let x(q) = q**3 - 5*q**2 + 6*q - 1. Suppose -2*s = s - 12. Let a be x(s). Suppose 28 = -3*v + a*v. What is the units digit of v?
7
Let x = -43 + 76. What is the units digit of x?
3
Suppose -t + 4 = 5. What is the units digit of (7 + 1 - t) + 0?
9
Let w(p) = 4*p**2 + 2*p - 1. What is the tens digit of w(-2)?
1
Let x(v) = -v**2 - 5*v + 4. What is the units digit of x(-5)?
4
Let t = -80 - -139. What is the units digit of t?
9
Let b(m) be the second derivative of -m**5/20 + m**4/6 + m**3/2 + m**2 - 5*m. What is the units digit of b(3)?
2
Suppose 4*v - 93 = -3*s, -8*s + 56 = 3*v - 3*s. What is the tens digit of v?
2
What is the units digit of (-44)/(-77) - 507/(-7)?
3
Suppose -2*w = -4 - 0. Suppose -w*a = -a + 8. What is the tens digit of (2 - a) + (4 - 2)?
1
Let j(u) = u**3 + 8*u**2 - 8*u + 13. Let r be j(-9). Let d(n) = n + 7. Let c be d(-7). Suppose 5*w + r - 39 = c. What is the units digit of w?
7
Let s(m) = 2*m - 6. Let i be ((-5)/2)/(3/(-6)). Suppose 2*v - 9 = i. What is the units digit of s(v)?
8
Let z(j) = -j**2 + 5*j + 2. Let u be z(5). Suppose 5*m = 4*b + 12, 3*m - u = 3*b + 4. What is the units digit of m?
4
Let v = 6 - 4. Suppose -2 = t + v. What is the tens digit of (-6)/8 + (-43)/t?
1
Suppose 4 = n - 2*b, -2*b + 11 = 4*n - 5. What is the units digit of n?
4
What is the units digit of (-5)/(((-5)/10)/(66/4))?
5
Suppose 2*f = -2*h + 8, 4*f = f + 12. Let w be 1 - (5 - 2) - h. Let p = w + 16. What is the units digit of p?
4
Let t(p) be the second derivative of p**3/6 + 5*p**2/2 - p. Let g be t(-5). Suppose -j = -g - 3. What is the units digit of j?
3
Let h be -1*2 - (1 - -1). What is the units digit of 29 - ((-20)/h - 3)?
7
Let s(n) = -n + 4. Let w = -8 + -5. What is the units digit of s(w)?
7
Let n be (-17)/(-3) - (-8)/(-12). Let g(u) = u + 1. What is the units digit of g(n)?
6
Let w = 106 - 66. What is the units digit of w?
0
Suppose -7*w + 2*w + 120 = 0. Suppose 0 = -4*z - 3*g + 71, -2*z + 2*g = -3*z + w. What is the tens digit of z?
1
Let v(m) = 15*m - 3. Let x(b) = b - 8. Let w be x(10). What is the tens digit of v(w)?
2
Let r = -393 + 590. What is the tens digit of r?
9
Let f(x) = 3*x - 11. Let h(n) = 12 - 2*n - 2*n + n. Let b(q) = 6*f(q) + 5*h(q). What is the units digit of b(5)?
9
Let l = -10 + 20. Suppose 0 = -z - z + l. Let a = 8 - z. What is the units digit of a?
3
Let h = 13 - 12. What is the units digit of 52/8 + h/(-2)?
6
What is the units digit of 7/((-28)/30)*-10?
5
Let c(i) = i + 4. Let l be c(-3). Let z(j) be the third derivative of j**6/40 - j**2. What is the units digit of z(l)?
3
What is the units digit of (-2)/(-7) + (-138)/(-7)?
0
Let d(q) = 36*q**3 - q**2 - q + 1. Let c be d(1). Let y = c - 20. What is the units digit of y?
5
What is the units digit of -1 - (-1 + -51)/4?
2
Let i(t) = -t**3 + 14*t**2 + 15*t + 4. Suppose 8 = m - 7. What is the units digit of i(m)?
4
Let o(m) = -3*m + 5. Let n be o(4). Suppose 4*k - 2 = 3*w - 39, 3*w - 3*k = 42. Let q = w + n. What is the units digit of q?
2
Let c be (-6)/8 - (-67)/4. Suppose -5*f + c + 24 = 0. What is the units digit of f?
8
Let p = 209 + -88. What is the units digit of p?
1
Let z(y) = -2*y - 6. Let a be z(-5). Suppose n - 4*d - a = -0, 3 = -3*d. Suppose o - 5 = n, -2*c + 4*o + 8 = -4. What is the tens digit of c?
1
Let r = 8 - 6. Suppose -4*i + 44 = -4*z, 6*z + 18 = r*i + 2*z. What is the tens digit of i?
1
Suppose -4*a + 12 = -0. Suppose a*i + w = 46, 2*i - 43 = -i + 2*w. Suppose 2*x = -3*x + i. What is the units digit of x?
3
Let c(m) = -m**2 + 10*m - 2. Let l(k) = -k**2 - 6*k + 7. Let h be l(-6). Let s be c(h). Suppose -4*g - 3 + s = 0. What is the units digit of g?
4
Let c = -28 - -12. Let d = -25 - c. What is the units digit of (7 - 12)*d/5?
9
Let s = -2 + 15. What is the tens digit of s?
1
Let y(b) = b**2 - 1. What is the units digit of y(6)?
5
Let t be (2 - 5) + 3/(-1). Let k be 15*t/3 - -3. Let i = -10 - k. What is the units digit of i?
7
Let v(z) = 3*z**2 + 3*z - 4. Let g be v(-4). Suppose -x - 3*k = 4*x + 80, 2*x = 4*k - g. What is the units digit of x/(-6)*(-6)/(-4)?
4
Suppose -5*o - 10 = 0, 12 - 182 = -2*t + 5*o. Suppose 2*h = -5*q + 59, -4*h + t = 5*q - 9*h. What is the tens digit of q?
1
Suppose -3*n + 6*n + 9 = 0. Suppose 5*f - 4*f - 2*d = 22, 50 = 5*f + 2*d. What is the units digit of f/(n*(-3)/6)?
8
Suppose -5*s - 2*z = -1004, z - 6*z - 15 = 0. What is the tens digit of s?
0
Let a(x) = -x**2 + x + 7. Let c = -2 - -2. Let v be c/((-9)/6*2). What is the units digit of a(v)?
7
Let w = -9 + 16. Suppose -5*t + 2*n + 6 = -3, -3*t + w = -2*n. What is the units digit of (0 - 2) + t*6?
4
Let x = -4 - -30. Suppose -x - 12 = -2*y. What is the units digit of y?
9
Suppose -2 = 2*n - 14. Let l(o) = o - 4. Let u be l(n). Suppose 4 - u = d. What is the units digit of d?
2
Suppose 5*v - 6 = -1, 2*q - 150 = -4*v. Let j = -41 + q. What is the tens digit of j?
3
Suppose 0 = -3*z + 2*z + 24. What is the units digit of z?
4
Suppose 3*b - 193 = 857. What is the units digit of b?
0
Let i(h) = -h**3 - 9*h**2 - 6*h + 11. Let d be i(-8). Let r(l) = 2*l**2 + 7*l + 6. What is the tens digit of r(d)?
2
Suppose -2*r + 5 - 1 = 0. Let x = r - -2. What is the units digit of x?
4
Let p be (7 - 1) + 0 + -1. Let q(c) be the third derivative of c**5/60 - c**4/8 - c**3/2 + c**2. What is the units digit of q(p)?
7
Let z(l) = 10*l. What is the tens digit of z(1)?
1
Let x = -11 + 21. Let v = x + -6. Suppose 4*d = 2*b - 16, 0 = 3*b - v*d - 3 - 15. What is the units digit of b?
2
Suppose 0 = -j - 5*s + 331, 4*j - 4*s = -0*s + 1228. What is the tens digit of j?
1
Suppose -216 = -2*z - 3*z + f, -128 = -3*z - f. What is the units digit of z?
3
What is the units digit of 4/(-4) - (-91 - 3)?
3
Suppose -2*v + 2*r + 490 = 0, -4*r = -6*r - 2. What is the units digit of v?
4
Suppose -4*h - 4*a - 21 = 11, -2*h = -a + 16. Let k be h/(-3) + (-4)/6. Suppose -k*b + 2*g + 12 = 0, -2*g = -b + 3*b - 16. What is the units digit of b?
7
Let n be (24/(-16))/(3/116). Let b = -34 - n. What is the tens digit of b?
2
Let v(q) = 10*q**2 - 4*q - 7. What is the units digit of v(-2)?
1
What is the hundreds digit of 153 + (-1)/3*(-5 + 5)?
1
What is the tens digit of (8/(-14))/((-28)/4214)?
8
Let j(h) = -3*h**2 + 4*h**2 + 3 - 6*h - 6. Let q be j(7). Suppose y = 4*r + q - 28, y - 39 = -5*r. What is the units digit of r?
7
Let o(d) = 32*d**2 - d + 2 - d - 3*d**2 - 4*d**2. What is the units digit of o(1)?
5
Let h(a) = -a**2 + 3*a + 7. Let j be h(5). Let k(w) = w**2 - 5*w + 3. Let r be k(3). What is the units digit of (-2 + 7/j)*r?
3
Let q(s) = -3*s**2 + 10*s - 11. Let y(z) = 2*z**2 - 10*z + 12. Let v(c) = -3*q(c) - 4*y(c). What is the units digit of v(-12)?
9
Suppose 0*m - m + 3 = -2*d, 0 = -4*m + 5*d - 3. Let a 